 -53. Suppose 0*w = -c - 4*w + 4, 4*w = -4*c + 76. What is the highest common factor of c and t?
24
Suppose 0 = -29*g + 19*g + 110. Calculate the highest common factor of g and 1.
1
Let q(k) = 3*k**2 + 4*k - 4. Let b be q(-4). Suppose -27*h + 29*h + b = 0. Let i = h + 44. What is the greatest common divisor of i and 10?
10
Let g be (3 - 8 - -2)/(4/(-68)). What is the greatest common factor of g and 1275?
51
Let g = 9 + -4. Suppose 0*o - g*o = -40. Suppose -19*s + 17*s + 2 = 0. What is the greatest common factor of s and o?
1
Suppose 4*k - 270 = -k. Suppose -8*r = -0*r - 464. Let f = 94 - r. What is the greatest common factor of f and k?
18
Let b = 46 + -2. Suppose 5*j = 4*k + 4 - 45, 5*k - 3*j = 35. What is the greatest common divisor of b and k?
4
Suppose -3*b + 24 = -3*n + 3, -2*b + 28 = 5*n. Calculate the highest common factor of 225 and b.
9
Let s(f) = f**2 - 6*f + 4. Let x = -10 + 10. Let b = 7 - x. Let o be s(b). What is the highest common divisor of 88 and o?
11
Suppose 7*d = 11*d - 8. Suppose d*b - 362 = -82. Calculate the greatest common divisor of b and 35.
35
Suppose 0 = 2*b + 3*b + 425. Let y be (b/(-15))/((-1)/(-3)). Suppose 3*p - 85 = -5*i, 5*p - 6*p + 85 = 5*i. Calculate the greatest common divisor of y and i.
17
Suppose 2*v - 2*y - 68 = -y, y = -2*v + 60. Calculate the highest common factor of v and 256.
32
Suppose -16*d - 2*x - 184 = -18*d, -377 = -4*d + x. What is the greatest common factor of d and 5?
5
Suppose -765 = -2*d - w, 3*d + 0*w - 1149 = -w. Calculate the greatest common divisor of d and 64.
64
Let d(b) = 7*b**3 + b**2 - b + 1. Let f be d(1). Let t be 4*(0 - (-1 + 2)). Let h(u) = -u + 12. Let p be h(t). Calculate the highest common divisor of f and p.
8
Suppose -2*o - 56 = -3*o. Suppose 25 = -5*a + 2*l + 69, -5*a + 36 = 2*l. Calculate the greatest common divisor of o and a.
8
Suppose 5*j - 5*f - 105 = 0, -7 = -j + 5*f + 10. Let o be (-288)/(-6) + 0 + -4. Calculate the greatest common factor of j and o.
22
Let p(x) = -x**2 + 10*x + 16. Let z be p(11). Suppose 3*q - z*k - 80 = q, 5*q - 2*k = 200. What is the highest common divisor of 5 and q?
5
Let r(f) = -24*f - 14. Let c be r(-7). Let v be ((-2 + 1)/2)/((-7)/154). What is the greatest common factor of v and c?
11
Let z = -6 + 9. Suppose 3*m + z = -4*p - 2*m, 0 = -3*p - 2*m + 3. Let h(i) = 2*i**2 + i - 3. Let o be h(-2). What is the highest common divisor of o and p?
3
Suppose -14*m = -43*m + 1450. What is the greatest common divisor of m and 80?
10
Suppose 2*h - 22 = -4*m, -2*m - 2*h = -4*m + 14. Suppose -20 = -2*q - 8. What is the highest common factor of q and m?
6
Suppose 14*b - 2129 - 2029 = 0. What is the highest common factor of 108 and b?
27
Let c(o) be the second derivative of 7*o + 0 + 3/2*o**3 + 1/6*o**4 + 2*o**2. Let b be c(-7). What is the greatest common divisor of b and 26?
13
Suppose -323 = -44*h + 25*h. Let u(o) = o**3 + 3*o**2 + 3*o - 5. Let g be u(4). Calculate the highest common divisor of g and h.
17
Suppose -5*u + 47 = 3*d, 25*d - 3*u - 39 = 24*d. Calculate the highest common divisor of 32 and d.
8
Let p = -21 + 25. Suppose -p*d - 25 = -9*d. Suppose -72 = m - d*m. What is the greatest common factor of 9 and m?
9
Suppose 2*x = -4171 + 1021. Let r be (-8)/52 - x/13. Calculate the highest common factor of 11 and r.
11
Let d(c) be the third derivative of -23*c**6/40 + c**5/30 + c**4/24 + 9*c**2. Let z be d(-1). Calculate the highest common factor of 10 and z.
10
Let y = 328 - 286. Calculate the highest common factor of 238 and y.
14
Let y be 11/4 - (-3)/(-4). Let d be ((-42)/(-4) - y)*2. Suppose 0 = -2*t - 2*t + 408. What is the highest common factor of d and t?
17
Let k(u) = -11*u + 18. Let v be k(-37). Calculate the greatest common factor of v and 85.
85
Let v(z) = z**2 - 1. Let b be v(-1). Suppose b = t - 22 + 2. Calculate the greatest common divisor of t and 4.
4
Let g(s) = -6*s**2 - 139*s - 14. Let c be g(-22). Calculate the greatest common factor of 336 and c.
28
Let x = 97 - -124. Calculate the highest common divisor of x and 91.
13
Let n = -6 - -24. Let y = 24 - -3. What is the greatest common divisor of n and y?
9
Suppose -56 = 264*p - 278*p. Suppose -2*u = y - 8, 4*u + 3*y = -y + 24. Calculate the highest common divisor of u and p.
2
Let p = -14 + 18. Suppose -272 = -4*o - p*o. Calculate the greatest common divisor of 51 and o.
17
Suppose 0*w - 4*a = 3*w - 120, 0 = -w + a + 33. Calculate the highest common factor of 96 and w.
12
Let s(h) = -13*h + 11. Let x be s(-3). Let b = x + -14. What is the highest common divisor of 288 and b?
36
Let l be (-12)/(-66) - 196/(-11). Calculate the greatest common factor of l and 2.
2
Suppose -324 = 601*m - 619*m. Let u be 6/4*1*2. Calculate the highest common factor of u and m.
3
Suppose -2*f + 53 = 3*i - 80, i = f + 46. Let o(y) = -45*y - 1593. Let g be o(-36). Calculate the highest common factor of g and i.
9
Let g(y) be the third derivative of y**4/3 + 19*y**3/3 - 18*y**2. Let q be g(0). Calculate the greatest common factor of q and 95.
19
Suppose 3*p - 1124 = -p + 2*w, 0 = -5*p - w + 1419. Suppose 4*b + 59 = p. Let r be (-63)/(-9)*(16 - 15). What is the greatest common factor of r and b?
7
Suppose 4*p + 137 = 5*f - 61, -5*f + 200 = -5*p. Let i = f + -18. What is the highest common divisor of 20 and i?
20
Let u = -5629 - -5631. Suppose 4 - 1 = 3*l. What is the highest common divisor of u and l?
1
Let n be (1 - 0)/((-1)/6). Let a be (n/(-8))/(1/32). Let x be (3 - 3) + (34 - (-6 + 4)). Calculate the highest common divisor of x and a.
12
Let b(z) = z**3 + 9*z**2 + 15*z + 6. Let p be b(-7). Let m be 1/(0 + 2 + p). Let j(g) = g + 4. Let t be j(-3). What is the highest common factor of m and t?
1
Suppose -4*v + 358 = 2*g, 553 = 3*g + 3*v - v. Let w = -12 + 28. Let i = 1 + w. What is the highest common factor of i and g?
17
Suppose -1280 = -2*z - 3*z. Calculate the highest common divisor of z and 16.
16
Let n be -50*15/18*5/((-75)/9). Let w(d) = d**2 - 2*d - 3. Let s be w(4). What is the greatest common divisor of s and n?
5
Let i(h) = h**3 - 13*h**2 + 15*h - 2. Let j be i(12). Let w be (j - -1)*5/(-75)*-6. Calculate the highest common factor of 98 and w.
14
Let p be -1 + 1 - -5 - -1. Suppose -11*g + 5*g = -12. Suppose -p*w + 4 = -g*w. Calculate the greatest common factor of w and 9.
1
Let r = 10 + 45. Suppose -f - 382 = -k, 0 = 2*k - 5*k + 2*f + 1149. Calculate the greatest common divisor of r and k.
55
Let n = -25 - -101. Let v = -52 + n. What is the highest common factor of 216 and v?
24
Suppose -108 = 10*g + 2*g. Let c(t) = -8*t + 48. Let z be c(g). Calculate the highest common factor of 30 and z.
30
Let v = -147 + 123. Let u be ((-132)/v)/((-1)/(-6)). What is the highest common factor of u and 22?
11
Let b(f) = -8*f - 30. Let o be b(-7). Suppose 4 - 3 = -y. Let p be (-3 + 1)/(y/13). What is the highest common divisor of p and o?
26
Suppose -5*m + 15 = -0. Suppose 175 - 607 = -3*t - m*l, 432 = 3*t - 3*l. Calculate the greatest common divisor of 36 and t.
36
Suppose 165*u - 1664 = 152*u. What is the highest common divisor of u and 400?
16
Suppose 85 = -2*k + 1517. Let c be k/10 - (-6)/15. What is the greatest common divisor of c and 9?
9
Let w = 7 + -9. Let m be (w/(-7))/((-1)/(-7)). Suppose 2*b + 4 = 3*h, 3*b + 0 = h + 8. What is the greatest common divisor of m and h?
2
Let j(a) = 0*a - a - 4 + 11. Let s be j(-7). Suppose s - 89 = -3*v. What is the highest common divisor of v and 10?
5
Suppose 0 = 4*o + 2*d - 212, -3*d - 150 = -2*o - o. Suppose -4*c + o = -8. Let i = 0 + c. What is the greatest common divisor of 45 and i?
15
Suppose 2*v = -2, 10 + 18 = 4*q - 4*v. Suppose -5*r - 2*n + 3 = 0, 4*r - 5*n - 15 = -q. Let i be (55/5)/(r + 0). What is the greatest common factor of 77 and i?
11
Let a(g) = g**3 + g**2 + 10. Let x = 9 - 7. Suppose -2*k + 1 = l, -3*k - 1 - 1 = -x*l. Let y be a(k). What is the greatest common factor of y and 70?
10
Suppose -7*r = -4*r + 54. Let p = r - -24. Let j = -20 + 86. Calculate the greatest common divisor of p and j.
6
Let b(x) = x**3 + 23*x**2 + 21*x - 23. Let d be b(-22). Let c be -34*d*(-1 - -2). Calculate the highest common factor of c and 17.
17
Let b(j) = j**3 + 5*j**2 - 5*j + 3. Let s be b(-6). Let y be 1/s - (-2034)/27. Calculate the highest common divisor of 15 a